{"id":56,"date":"2019-09-23T03:25:12","date_gmt":"2019-09-23T07:25:12","guid":{"rendered":"http:\/\/ayuntamiento.guineo\/transparencia\/?page_id=56"},"modified":"2019-09-23T22:35:35","modified_gmt":"2019-09-24T02:35:35","slug":"derechos-de-los-ciudadanos","status":"publish","type":"page","link":"https:\/\/ayuntamientovillagonzalez.gob.do\/transparencia\/derechos-de-los-ciudadanos\/","title":{"rendered":"Derechos de los Ciudadanos"},"content":{"rendered":"<p><strong>Todo ciudadano(a) tiene derecho a:<\/strong><\/p>\n<p>1. Solicitar y recibir informaci\u00f3n completa, veraz,<br \/>\nadecuada y oportuna, de la Direcci\u00f3n General de<br \/>\n\u00c9tica e Integridad Gubernamental.<\/p>\n<p>2. Acceder a informaci\u00f3n contenida en actas y<br \/>\nexpedientes de la Direcci\u00f3n General de \u00c9tica e<br \/>\nIntegridad Gubernamental, as\u00ed como estar<br \/>\ninformado peri\u00f3dicamente, cuando lo requiera, de<br \/>\nlas actividades que desarrollan entidades y<br \/>\npersonas que cumplen funciones en la instituci\u00f3n.<\/p>\n<p>3. Buscar, solicitar, recibir y difundir informaci\u00f3n<br \/>\nperteneciente de la Direcci\u00f3n General de \u00c9tica e<br \/>\nIntegridad Gubernamental, y de formular<br \/>\nconsultas a las entidades y personas que cumplan<br \/>\nfunciones en la misma y obtener copia de los<br \/>\ndocumentos que recopilen informaci\u00f3n sobre el<br \/>\nejercicio de las actividades de su competencia.<\/p>\n<p>4. Recibir la informaci\u00f3n, sencilla y accesible, sobre<br \/>\nlos tr\u00e1mites y procedimientos necesarios para<br \/>\nagotar la solicitud de las informaciones que<br \/>\nrequieran, solicitar orientaci\u00f3n o formular quejas,<br \/>\nconsultas o reclamos sobre la prestaci\u00f3n del<br \/>\nservicio o sobre el ejercicio de las funciones o<br \/>\ncompetencias a cargo de la entidad o persona de<br \/>\nque se trate.<\/p>\n<p>5. Recibir la informaci\u00f3n en el tiempo establecido,<br \/>\nen el formato existente y por la v\u00eda acordada en el<br \/>\nformulario de solicitud.<\/p>\n<p>6. Acceder a la informaci\u00f3n de forma gratuita, en<br \/>\ntanto no requiera la reproducci\u00f3n de la misma.<\/p>\n<p>7. Ser notificado oportunamente y por escrito sobre<br \/>\nlimitaciones y excepciones para hacer disponible<br \/>\nla informaci\u00f3n solicitada y el fundamento legal de<br \/>\nla denegatoria.<\/p>\n<p><strong>Ayuntamiento del Municipio Villa Gonz\u00e1lez.<\/strong><\/p>\n<p>8. Recurrir a las autoridades jer\u00e1rquicas superiores<br \/>\ndel ente u \u00f3rgano de que se trate, a fin de resolver<br \/>\nde forma definitiva la denegaci\u00f3n de la<br \/>\ninformaci\u00f3n solicitada, cuando \u00e9sta se debe a<br \/>\nrazones de reserva o confidencialidad o cuando<br \/>\nno est\u00e9 conforme con la decisi\u00f3n adoptada.<\/p>\n<p>9. Obtener un recurso de amparo ante el Tribunal<br \/>\nContencioso Administrativo en los casos en que<br \/>\nel organismo o la persona a quien se haya<br \/>\nsolicitado la informaci\u00f3n, no ofrezca \u00e9sta en el<br \/>\ntiempo establecido para ello o, cuando el \u00f3rgano<br \/>\nsuperior jer\u00e1rquico no fallare el recurso<br \/>\ninterpuesto en el tiempo establecido.<\/p>\n<p>En cumplimiento a la Ley 200-04 y el Decreto 130-05, el acceso a la<br \/>\ninformaci\u00f3n se har\u00e1 efectivo siempre y cuando no afecte la seguridad<br \/>\nnacional, el orden p\u00fablico, la salud o la moral p\u00fablica o el derecho a la<br \/>\nprivacidad e intimidad de un tercero o el derecho a la reputaci\u00f3n de los<br \/>\ndem\u00e1s.<\/p>\n","protected":false},"excerpt":{"rendered":"Todo ciudadano(a) tiene derecho a: 1. Solicitar y recibir informaci\u00f3n completa, veraz, adecuada y oportuna, de la Direcci\u00f3n General de \u00c9tica e Integridad Gubernamental. 2. Acceder a informaci\u00f3n contenida en actas y expedientes de la Direcci\u00f3n General de \u00c9tica e Integridad Gubernamental, as\u00ed como estar informado peri\u00f3dicamente, cuando lo requiera, de las actividades que desarrollan&#8230;","protected":false},"author":3,"featured_media":0,"parent":0,"menu_order":0,"comment_status":"closed","ping_status":"closed","template":"","meta":[],"acf":[],"_links":{"self":[{"href":"https:\/\/ayuntamientovillagonzalez.gob.do\/transparencia\/wp-json\/wp\/v2\/pages\/56"}],"collection":[{"href":"https:\/\/ayuntamientovillagonzalez.gob.do\/transparencia\/wp-json\/wp\/v2\/pages"}],"about":[{"href":"https:\/\/ayuntamientovillagonzalez.gob.do\/transparencia\/wp-json\/wp\/v2\/types\/page"}],"author":[{"embeddable":true,"href":"https:\/\/ayuntamientovillagonzalez.gob.do\/transparencia\/wp-json\/wp\/v2\/users\/3"}],"replies":[{"embeddable":true,"href":"https:\/\/ayuntamientovillagonzalez.gob.do\/transparencia\/wp-json\/wp\/v2\/comments?post=56"}],"version-history":[{"count":4,"href":"https:\/\/ayuntamientovillagonzalez.gob.do\/transparencia\/wp-json\/wp\/v2\/pages\/56\/revisions"}],"predecessor-version":[{"id":597,"href":"https:\/\/ayuntamientovillagonzalez.gob.do\/transparencia\/wp-json\/wp\/v2\/pages\/56\/revisions\/597"}],"wp:attachment":[{"href":"https:\/\/ayuntamientovillagonzalez.gob.do\/transparencia\/wp-json\/wp\/v2\/media?parent=56"}],"curies":[{"name":"wp","href":"https:\/\/api.w.org\/{rel}","templated":true}]}}